{"id":69,"date":"2014-05-30T12:39:03","date_gmt":"2014-05-30T12:39:03","guid":{"rendered":"http:\/\/pixelgrade.com\/demos\/rosa2\/?page_id=69"},"modified":"2025-10-28T12:46:59","modified_gmt":"2025-10-28T12:46:59","slug":"menu","status":"publish","type":"page","link":"https:\/\/xn--schtzenhaus-kemberg-79b.de\/?page_id=69","title":{"rendered":"Menu"},"content":{"rendered":"<p style=\"text-align: center;\">Wir legen sehr viel Wert auf frische K\u00fcche, daher bereiten wir alle Speisen erst dann zu, wenn diese bestellt werden. Das nimmt nat\u00fcrlich ein bi\u00dfchen mehr Zeit in Anspruch. Daher bitten wir um Geduld wenn es mal etwas l\u00e4nger dauert. Denn wie es so sch\u00f6n hei\u00dft: Gut Ding will Weile haben!<\/p>\n<div class=\"menu-list menu-list__dotted\">\n<ul class=\"menu-list__items\">\n<li class=\"menu-list__item\">\n<h4 class=\"menu-list__item-title\"><\/h4>\n<\/li>\n<li class=\"menu-list__item\">\n<h4 class=\"menu-list__item-title\"><\/h4>\n<hr class=\"separator\"\/>\n<\/li>\n<li class=\"menu-list__item\">\n<h4 class=\"menu-list__item-title\"><span class=\"item_title\">Rote-Beete-Suppe mit Ziegenfrischk\u00e4se<\/span><span class=\"dots\"><\/span><\/h4>\n<span class=\"dots\"><\/span><span class=\"menu-list__item-price\">9,00 Euro<\/span><\/li>\n<li class=\"menu-list__item\">\n<h4 class=\"menu-list__item-title\"><span class=\"item_title\">Erbsen-Minzs\u00fcppchen<\/span><span class=\"dots\"><\/span><\/h4>\n<span class=\"dots\"><\/span><span class=\"menu-list__item-price\">8,50 Euro<\/span><\/li>\n<li class=\"menu-list__item\">\n<h4 class=\"menu-list__item-title\"><span class=\"item_title\"><\/span><span class=\"dots\"><\/span><\/h4>\n<span class=\"dots\"><\/span><span class=\"menu-list__item-price\"><\/span><\/li>\n<\/ul>\n<h2 class=\"menu-list__title\">Unsere Vorspeisen und Salate<\/h2>\n<hr class=\"separator\"\/>\n<ul class=\"menu-list__items\">\n<li class=\"menu-list__item\">\n<h4 class=\"menu-list__item-title\"><span class=\"item_title\">\"Panzanella\"<\/span><span class=\"dots\"><\/span><\/h4>\n<span class=\"dots\"><\/span><span class=\"menu-list__item-price\">10,00 Euro<\/span><\/li>\n<li class=\"menu-list__item\">\n<h4 class=\"menu-list__item-title\"><span class=\"item_title\">\"Ceasar-Salad\"<\/span><span class=\"dots\"><\/span><\/h4>\n<span class=\"dots\"><\/span><span class=\"menu-list__item-price\">9,00 Euro<\/span><\/li>\n<li class=\"menu-list__item\">\n<h4 class=\"menu-list__item-title\"><span class=\"item_title\">wahlweise zus\u00e4tzlich zu den Salaten 100 g H\u00e4hnchenbrust<\/span><span class=\"dots\"><\/span><\/h4>\n<span class=\"dots\"><\/span><span class=\"menu-list__item-price\">6,50 Euro<\/span><\/li>\n<li class=\"menu-list__item\">\n<h4 class=\"menu-list__item-title\"><span class=\"item_title\"><\/span><span class=\"dots\"><\/span><\/h4>\n<span class=\"dots\"><\/span><span class=\"menu-list__item-price\"><\/span><\/li>\n<\/ul>\n<h2 class=\"menu-list__title\">Unsere Hauptg\u00e4nge<\/h2>\n<hr class=\"separator\"\/>\n<ul class=\"menu-list__items\">\n<li class=\"menu-list__item\">\n<h4 class=\"menu-list__item-title\"><span class=\"item_title\">Pilz-Wellington auf Rote-Beete-Risotto<\/span><span class=\"dots\"><\/span><\/h4>\n<span class=\"dots\"><\/span><span class=\"menu-list__item-price\">17,50 Euro<\/span><\/li>\n<li class=\"menu-list__item\">\n<h4 class=\"menu-list__item-title\"><span class=\"item_title\">Schweineschnitzel von der Fleischerei Freigang aus Bergwitz mit Champignons und Bratkartoffeln<\/span><span class=\"dots\"><\/span><\/h4>\n<span class=\"dots\"><\/span><span class=\"menu-list__item-price\">19,50 Euro<\/span><\/li>\n<li class=\"menu-list__item\">\n<h4 class=\"menu-list__item-title\"><span class=\"item_title\">H\u00e4hnchenleber an Kartoffelstampf und Schmorzwiebeln<\/span><span class=\"dots\"><\/span><\/h4>\n<span class=\"dots\"><\/span><span class=\"menu-list__item-price\">14,00 Euro<\/span><\/li>\n<li class=\"menu-list__item\">\n<h4 class=\"menu-list__item-title\"><span class=\"item_title\">Kotelett vom Kraichgauer Landschwein an Kartoffelwedges und Mangosalsa<\/span><span class=\"dots\"><\/span><\/h4>\n<span class=\"dots\"><\/span><span class=\"menu-list__item-price\">30,00 Euro<\/span><\/li>\n<li class=\"menu-list__item\">\n<h4 class=\"menu-list__item-title\"><span class=\"item_title\">Brust vom Kikok-H\u00e4hnchen auf B\u00e4rlauch-Tomaten-Pasta<\/span><span class=\"dots\"><\/span><\/h4>\n<span class=\"dots\"><\/span><span class=\"menu-list__item-price\">26,00 Euro<\/span><\/li>\n<li class=\"menu-list__item\">\n<h4 class=\"menu-list__item-title\"><span class=\"item_title\"><\/span><span class=\"dots\"><\/span><\/h4>\n<span class=\"dots\"><\/span><span class=\"menu-list__item-price\"><\/span><\/li>\n<li class=\"menu-list__item\">\n<h4 class=\"menu-list__item-title\"><span class=\"item_title\"><\/span><span class=\"dots\"><\/span><\/h4>\n<span class=\"dots\"><\/span><span class=\"menu-list__item-price\"><\/span><\/li>\n<li class=\"menu-list__item\">\n<h4 class=\"menu-list__item-title\"><span class=\"item_title\"><\/span><span class=\"dots\"><\/span><\/h4>\n<span class=\"dots\"><\/span><span class=\"menu-list__item-price\"><\/span><\/li>\n<\/ul>\n<h2 class=\"menu-list__title\">Desserts<\/h2>\n<hr class=\"separator\"\/>\n<ul class=\"menu-list__items\">\n<li class=\"menu-list__item\">\n<h4 class=\"menu-list__item-title\"><span class=\"item_title\">Schokoladenparfait im Erdbeer-Minz-S\u00fcppchen<\/span><span class=\"dots\"><\/span><\/h4>\n<span class=\"dots\"><\/span><span class=\"menu-list__item-price\">10,00 Euro<\/span><\/li>\n<li class=\"menu-list__item\">\n<h4 class=\"menu-list__item-title\"><span class=\"item_title\">Creme Br\u00fale\u00e9 mit fruchtiger Erfrischung<\/span><span class=\"dots\"><\/span><\/h4>\n<span class=\"dots\"><\/span><span class=\"menu-list__item-price\">9,00 Euro<\/span><\/li>\n<li class=\"menu-list__item\">\n<h4 class=\"menu-list__item-title\"><span class=\"item_title\">\"Fl\u00fcssige Medizin\"<\/span><span class=\"dots\"><\/span><\/h4>\n<span class=\"dots\"><\/span><span class=\"menu-list__item-price\">4 cl\u00a0\u00a0\u00a0\u00a0\u00a0\u00a0\u00a0\u00a0\u00a0 6,40 Euro<\/span><\/li>\n<\/ul>\n<h2 class=\"menu-list__title\">F\u00fcr Milchzahntr\u00e4ger<\/h2>\n<hr class=\"separator\"\/>\n<ul class=\"menu-list__items\">\n<li class=\"menu-list__item\">\n<h4 class=\"menu-list__item-title\"><span class=\"item_title\">S\u00fc\u00dfer Brei<\/span><span class=\"dots\"><\/span><\/h4>\n<p class=\"menu-list__item-desc\"><span class=\"desc__content\">Grie\u00dfbrei mit Fr\u00fcchten<\/span><\/p>\n<span class=\"dots\"><\/span><span class=\"menu-list__item-price\">6,50 Euro<\/span><\/li>\n<li class=\"menu-list__item\">\n<h4 class=\"menu-list__item-title\"><span class=\"item_title\">Fliethbachkapit\u00e4n<\/span><span class=\"dots\"><\/span><\/h4>\n<p class=\"menu-list__item-desc\"><span class=\"desc__content\">Selbstgemachte Fischst\u00e4bchen vom Kabeljau mit Kartoffelbrei<\/span><\/p>\n<span class=\"dots\"><\/span><span class=\"menu-list__item-price\">9,50 Euro<\/span><\/li>\n<li class=\"menu-list__item\">\n<h4 class=\"menu-list__item-title\"><span class=\"item_title\">\"Rudi R\u00fcssel\"<\/span><span class=\"dots\"><\/span><\/h4>\n<p class=\"menu-list__item-desc\"><span class=\"desc__content\">1 Schnitzel vom Kemberger Landschwein mit selbstgemachten Pommes<\/span><\/p>\n<span class=\"dots\"><\/span><span class=\"menu-list__item-price\">8,50 Euro<\/span><\/li>\n<\/ul>\n<\/div>\n\n<div class=\"grid__item six-twelfths palm-one-whole \">\n\n<\/div>\n\n<div class=\"pixcode  pixcode--separator  separator separator--flower\">&#10043;<\/div>\n\n<div class=\"pixcode  pixcode--grid  grid  \">\n\n<\/div>\n\n<div class=\"grid__item six-twelfths palm-one-whole \">\n\n<\/div>\n\n","protected":false},"excerpt":{"rendered":"<p>Wir legen sehr viel Wert auf frische K\u00fcche, daher bereiten wir alle Speisen erst dann zu, wenn diese bestellt werden. Das nimmt nat\u00fcrlich ein bi\u00dfchen mehr Zeit in Anspruch. Daher bitten wir um Geduld wenn es mal etwas l\u00e4nger dauert. Denn wie es so sch\u00f6n hei\u00dft: Gut Ding will Weile haben!<\/p>\n","protected":false},"author":1,"featured_media":601,"parent":0,"menu_order":0,"comment_status":"closed","ping_status":"closed","template":"","meta":[],"_links":{"self":[{"href":"https:\/\/xn--schtzenhaus-kemberg-79b.de\/index.php?rest_route=\/wp\/v2\/pages\/69"}],"collection":[{"href":"https:\/\/xn--schtzenhaus-kemberg-79b.de\/index.php?rest_route=\/wp\/v2\/pages"}],"about":[{"href":"https:\/\/xn--schtzenhaus-kemberg-79b.de\/index.php?rest_route=\/wp\/v2\/types\/page"}],"author":[{"embeddable":true,"href":"https:\/\/xn--schtzenhaus-kemberg-79b.de\/index.php?rest_route=\/wp\/v2\/users\/1"}],"replies":[{"embeddable":true,"href":"https:\/\/xn--schtzenhaus-kemberg-79b.de\/index.php?rest_route=%2Fwp%2Fv2%2Fcomments&post=69"}],"version-history":[{"count":113,"href":"https:\/\/xn--schtzenhaus-kemberg-79b.de\/index.php?rest_route=\/wp\/v2\/pages\/69\/revisions"}],"predecessor-version":[{"id":1525,"href":"https:\/\/xn--schtzenhaus-kemberg-79b.de\/index.php?rest_route=\/wp\/v2\/pages\/69\/revisions\/1525"}],"wp:featuredmedia":[{"embeddable":true,"href":"https:\/\/xn--schtzenhaus-kemberg-79b.de\/index.php?rest_route=\/wp\/v2\/media\/601"}],"wp:attachment":[{"href":"https:\/\/xn--schtzenhaus-kemberg-79b.de\/index.php?rest_route=%2Fwp%2Fv2%2Fmedia&parent=69"}],"curies":[{"name":"wp","href":"https:\/\/api.w.org\/{rel}","templated":true}]}}