{"id":154,"date":"2014-06-02T08:13:59","date_gmt":"2014-06-02T08:13:59","guid":{"rendered":"http:\/\/pixelgrade.com\/demos\/rosa2\/?page_id=154"},"modified":"2025-09-24T16:19:12","modified_gmt":"2025-09-24T16:19:12","slug":"permissions-and-copyright","status":"publish","type":"page","link":"https:\/\/xn--schtzenhaus-kemberg-79b.de\/?page_id=154","title":{"rendered":"Impressum"},"content":{"rendered":"<div class=\"pixcode  pixcode--grid  grid  \">\n\n<div class=\"grid__item two-twelfths palm-one-whole \">\n\n\n<\/div>\n\n<div class=\"grid__item eight-twelfths palm-one-whole \">\n\n<h3>Impressum<\/h3>\n<p>Sch\u00fctzenhaus Kemberg<\/p>\n<p>Sch\u00fctzenplatz 1<br \/>\n06901 Kemberg<br \/>\nTelefon 034921.61 46 56<br \/>\nTelefax 034921.20057<\/p>\n<p>Inhaber:<br \/>\nHaus 1 Grundst\u00fccksverwaltung Frieder Jage<br \/>\nSteuernummer:11517311954<\/p>\n<p>Verantwortlich f\u00fcr den Inhalt (V.i.S.d.P., \u00a76 TDG, EGG, \u00a76 MDStV)<\/p>\n<h3>Sch\u00fctzenhaus Kemberg Haftungsausschluss<\/h3>\n<p>Das Sch\u00fctzenhaus \u00fcbernimmt keinerlei Gew\u00e4hr f\u00fcr die Aktualit\u00e4t, Richtigkeit, Vollst\u00e4ndigkeit,<br \/>\nQualit\u00e4t oder Quelle der zur Verf\u00fcgung gestellten Informationen, sowie keinerlei Haftung f\u00fcr<br \/>\nSch\u00e4den, die durch die Nutzung der angebotenen Informationen auf dieser Website verursacht<br \/>\nwurden. F\u00fcr den Inhalt der verlinkten Seiten sind ausschlie\u00dflich deren Betreiber verantwortlich<br \/>\n\n<\/div>\n\n\n<\/div>\n\n","protected":false},"excerpt":{"rendered":"","protected":false},"author":1,"featured_media":0,"parent":0,"menu_order":0,"comment_status":"closed","ping_status":"closed","template":"","meta":[],"_links":{"self":[{"href":"https:\/\/xn--schtzenhaus-kemberg-79b.de\/index.php?rest_route=\/wp\/v2\/pages\/154"}],"collection":[{"href":"https:\/\/xn--schtzenhaus-kemberg-79b.de\/index.php?rest_route=\/wp\/v2\/pages"}],"about":[{"href":"https:\/\/xn--schtzenhaus-kemberg-79b.de\/index.php?rest_route=\/wp\/v2\/types\/page"}],"author":[{"embeddable":true,"href":"https:\/\/xn--schtzenhaus-kemberg-79b.de\/index.php?rest_route=\/wp\/v2\/users\/1"}],"replies":[{"embeddable":true,"href":"https:\/\/xn--schtzenhaus-kemberg-79b.de\/index.php?rest_route=%2Fwp%2Fv2%2Fcomments&post=154"}],"version-history":[{"count":10,"href":"https:\/\/xn--schtzenhaus-kemberg-79b.de\/index.php?rest_route=\/wp\/v2\/pages\/154\/revisions"}],"predecessor-version":[{"id":1520,"href":"https:\/\/xn--schtzenhaus-kemberg-79b.de\/index.php?rest_route=\/wp\/v2\/pages\/154\/revisions\/1520"}],"wp:attachment":[{"href":"https:\/\/xn--schtzenhaus-kemberg-79b.de\/index.php?rest_route=%2Fwp%2Fv2%2Fmedia&parent=154"}],"curies":[{"name":"wp","href":"https:\/\/api.w.org\/{rel}","templated":true}]}}